{"id":481,"date":"2023-06-18T11:35:21","date_gmt":"2023-06-18T11:35:21","guid":{"rendered":"https:\/\/intercon-services.com\/?page_id=481"},"modified":"2026-04-11T20:49:16","modified_gmt":"2026-04-11T20:49:16","slug":"angebote-vb-dt","status":"publish","type":"page","link":"https:\/\/intercon-services.com\/home\/angebote-vb-dt\/","title":{"rendered":"Angebote VB Dt"},"content":{"rendered":"<div data-colibri-id=\"481-c1\" class=\"style-1063 style-local-481-c1 position-relative\">\n  <!---->\n  <div data-colibri-component=\"section\" data-colibri-id=\"481-c2\" id=\"reusable-sections-2\" class=\"h-section h-section-global-spacing d-flex align-items-lg-center align-items-md-center align-items-center style-1082 style-local-481-c2 position-relative\">\n    <!---->\n    <!---->\n    <div class=\"h-section-grid-container h-section-boxed-container\">\n      <!---->\n      <div data-colibri-id=\"481-c3\" class=\"h-row-container gutters-row-lg-2 gutters-row-md-2 gutters-row-0 gutters-row-v-lg-2 gutters-row-v-md-2 gutters-row-v-2 style-1083 style-local-481-c3 position-relative\">\n        <!---->\n        <div class=\"h-row justify-content-lg-center justify-content-md-center justify-content-center align-items-lg-stretch align-items-md-stretch align-items-stretch gutters-col-lg-2 gutters-col-md-2 gutters-col-0 gutters-col-v-lg-2 gutters-col-v-md-2 gutters-col-v-2\">\n          <!---->\n          <div class=\"h-column h-column-container d-flex h-col-lg-auto h-col-md-auto h-col-auto style-1084-outer style-local-481-c4-outer\">\n            <div data-colibri-id=\"481-c4\" class=\"d-flex h-flex-basis h-column__inner h-px-lg-2 h-px-md-2 h-px-2 v-inner-lg-2 v-inner-md-2 v-inner-2 style-1084 style-local-481-c4 position-relative\">\n              <!---->\n              <!---->\n              <div class=\"w-100 h-y-container h-column__content h-column__v-align flex-basis-100 align-self-lg-start align-self-md-start align-self-start\">\n                <!---->\n                <div data-colibri-id=\"481-c5\" class=\"h-text h-text-component style-1085 style-local-481-c5 position-relative h-element\">\n                  <!---->\n                  <!---->\n                  <div class=\"\">\n                    <p>Angebote f\u00fcr Verfahrensbegleitungen<\/p>\n                  <\/div>\n                <\/div>\n              <\/div>\n            <\/div>\n          <\/div>\n        <\/div>\n      <\/div>\n      <div data-colibri-id=\"481-c6\" class=\"h-row-container gutters-row-lg-2 gutters-row-md-2 gutters-row-0 gutters-row-v-lg-2 gutters-row-v-md-2 gutters-row-v-2 style-1218 style-local-481-c6 position-relative\">\n        <!---->\n        <div class=\"h-row justify-content-lg-center justify-content-md-center justify-content-center align-items-lg-stretch align-items-md-stretch align-items-stretch gutters-col-lg-2 gutters-col-md-2 gutters-col-0 gutters-col-v-lg-2 gutters-col-v-md-2 gutters-col-v-2\">\n          <!---->\n          <div class=\"h-column h-column-container d-flex h-col-lg-auto h-col-md-auto h-col-auto style-1219-outer style-local-481-c7-outer\">\n            <div data-colibri-id=\"481-c7\" class=\"d-flex h-flex-basis h-column__inner h-px-lg-2 h-px-md-2 h-px-2 v-inner-lg-2 v-inner-md-2 v-inner-2 style-1219 style-local-481-c7 position-relative\">\n              <!---->\n              <!---->\n              <div class=\"w-100 h-y-container h-column__content h-column__v-align flex-basis-100 align-self-lg-start align-self-md-start align-self-start\">\n                <!---->\n                <div data-colibri-id=\"481-c8\" class=\"h-text h-text-component style-1086 style-local-481-c8 position-relative h-element\">\n                  <!---->\n                  <!---->\n                  <div class=\"\">\n                    <p>Das Spektrum unserer Dienstleistungen reicht im Wesentlichen von der Begleitung bis zur Unterst\u00fctzung bei der Abfassung von Antr\u00e4gen und Schrifts\u00e4tzen sowie der Vertretung und Kommunikation mit den Beh\u00f6rden. Dazu geh\u00f6rt auch die Unterst\u00fctzung\n                      in grenz\u00fcberschreitenden Verfahren.<\/p>\n                    <p>Die nachfolgende \u00dcbersicht stellt eine Orientierung \u00fcber das Leistungsspektrum und die Kosten dar und basiert auf durchschnittlichen Sch\u00e4tzungen. Die Preise k\u00f6nnen je nach Komplexit\u00e4t und Zeitaufwand davon abweichen.:<\/p>\n                    <p>\n                      <br>\n                    <\/p>\n                    <p>Begleitung eines Antragsverfahrens auf Erteilung einer Aufenthaltserlaubnis: ca. 250 &#8211; 400 \u20ac<\/p>\n                    <p>Begleitung eines Anerkennungsverfahrens: ca. 300 &#8211; 700 \u20ac<\/p>\n                    <p>Begleitung einer Niederlassungserlaubnis: ca. 250 &#8211; 400 \u20ac<\/p>\n                    <p>Begleitung eines Einb\u00fcrgerungsverfahrens: ca. 500 &#8211; 800 \u20ac<\/p>\n                    <p>Begleitung eines Familienzusammenf\u00fchrungsverfahrens: ca. 500 &#8211; 800 \u20ac<\/p>\n                    <p>Begleitung eines Asylverfahrens: ca. 500 &#8211; 800 \u20ac<\/p>\n                    <p>Begleitung von anderen Verfahren: auf Anfrage<\/p>\n                    <p>\n                      <br>\n                    <\/p>\n                    <p>Die Unterst\u00fctzung erfolgt digital, kann aber bei Bedarf auch pers\u00f6nlich erfolgen, was ebenfalls mit zus\u00e4tzlichen Kosten verbunden ist. Bei besonders komplexen oder eskalierenden Verfahren, die eine Kombination mehrerer Verfahren und\n                      einen hohen Arbeitsaufwand mit sich bringen, k\u00f6nnen die Preise variieren; eventuell zus\u00e4tzlich anfallende Anwaltskosten sind in der oben genannten Kostensch\u00e4tzung nicht enthalten. In Anbetracht der Tatsache, dass gerichtliche Verfahren\n                      erhebliche Mehrkosten verursachen k\u00f6nnen, versuchen wir, mit unseren Mandanten mit Anw\u00e4lten zusammenzuarbeiten, die nach dem RVG oder mit Ratenzahlung abrechnen.<\/p>\n                    <p>\n                      <br>\n                    <\/p>\n                    <p>Die Dienstleistung wird \u00fcber unsere Plattform von angehenden Rechtsanw\u00e4lten oder Betroffenen angeboten, die selbst mehrere Aufenthaltsverfahren durchlaufen haben und bereits seit mehreren Jahren ehrenamtlich, pro bono oder gewerblich\n                      Aufenthaltsverfahren begleiten. Je nach beruflicher Ausbildung und Erfahrung berechnen die Freiberufler und Selbstst\u00e4ndigen einen Stundensatz von 35-70 Euro. In sehr komplexen F\u00e4llen oder wenn bereits ein Gerichtsverfahren l\u00e4uft,\n                      kann auch die Zusammenarbeit mit Rechtsanw\u00e4lten angeboten werden. Neben Freiberuflern, Selbstst\u00e4ndigen und Rechtsanw\u00e4lten arbeiten wir auch mit externen Dienstleistern bei der Betreuung und Unterst\u00fctzung von Verfahren zusammen. Die\n                      externen Dienstleister berechnen nach ihre eigenen Pauschalpreisen.<\/p>\n                    <p>\n                      <br>\n                    <\/p>\n                    <p>Auf Anfrage erstellen wir Ihnen gerne eine erste Einsch\u00e4tzung der Kosten f\u00fcr Ihre individuell gew\u00fcnschte Verfahrensbegleitung. Wir leisten ausdr\u00fccklich keine Rechtsberatung im Sinne des Rechtsberatungsgesetzes (RDG). Wenn Sie sich\n                      \u00fcber Ihre Erfolgsaussichten in dem von Ihnen angestrebten Verfahren unsicher sind und eine Beratung zu Ihrer konkreten Rechtslage w\u00fcnschen, vermitteln wir Ihnen auf Wunsch gerne den Kontakt zu erfahrenen und spezialisierten Rechtsanw\u00e4lten.<\/p>\n                    <p>\n                      <br>\n                    <\/p>\n                    <p>Wenn Sie Fragen haben, k\u00f6nnen Sie uns jederzeit telefonisch kontaktieren: +4915776133080<\/p>\n                    <p>\n                      <br>\n                    <\/p>\n                    <p>\n                      <br>\n                    <\/p>\n                  <\/div>\n                <\/div>\n              <\/div>\n            <\/div>\n          <\/div>\n        <\/div>\n      <\/div>\n    <\/div>\n  <\/div>\n<\/div>","protected":false},"excerpt":{"rendered":"<p>Angebote f\u00fcr Verfahrensbegleitungen Das Spektrum unserer Dienstleistungen reicht im Wesentlichen von der Begleitung bis zur Unterst\u00fctzung bei der Abfassung von Antr\u00e4gen und Schrifts\u00e4tzen sowie der Vertretung und Kommunikation mit den Beh\u00f6rden. Dazu geh\u00f6rt auch die Unterst\u00fctzung in grenz\u00fcberschreitenden Verfahren. Die nachfolgende \u00dcbersicht stellt eine Orientierung \u00fcber das Leistungsspektrum und die Kosten dar und basiert auf [&hellip;]<\/p>\n","protected":false},"author":2,"featured_media":0,"parent":0,"menu_order":0,"comment_status":"closed","ping_status":"closed","template":"page-templates\/full-width-page.php","meta":[],"_links":{"self":[{"href":"https:\/\/intercon-services.com\/home\/wp-json\/wp\/v2\/pages\/481"}],"collection":[{"href":"https:\/\/intercon-services.com\/home\/wp-json\/wp\/v2\/pages"}],"about":[{"href":"https:\/\/intercon-services.com\/home\/wp-json\/wp\/v2\/types\/page"}],"author":[{"embeddable":true,"href":"https:\/\/intercon-services.com\/home\/wp-json\/wp\/v2\/users\/2"}],"replies":[{"embeddable":true,"href":"https:\/\/intercon-services.com\/home\/wp-json\/wp\/v2\/comments?post=481"}],"version-history":[{"count":20,"href":"https:\/\/intercon-services.com\/home\/wp-json\/wp\/v2\/pages\/481\/revisions"}],"predecessor-version":[{"id":2407,"href":"https:\/\/intercon-services.com\/home\/wp-json\/wp\/v2\/pages\/481\/revisions\/2407"}],"wp:attachment":[{"href":"https:\/\/intercon-services.com\/home\/wp-json\/wp\/v2\/media?parent=481"}],"curies":[{"name":"wp","href":"https:\/\/api.w.org\/{rel}","templated":true}]}}